{"id":170,"date":"2019-11-17T12:21:26","date_gmt":"2019-11-17T12:21:26","guid":{"rendered":"http:\/\/gerhard-euler.de\/?page_id=170"},"modified":"2019-11-28T15:17:30","modified_gmt":"2019-11-28T15:17:30","slug":"material","status":"publish","type":"page","link":"https:\/\/gerhard-euler.de\/?page_id=170","title":{"rendered":"Stein"},"content":{"rendered":"<div id=\"pl-170\"  class=\"panel-layout\" ><div id=\"pg-170-0\"  class=\"panel-grid panel-no-style\" ><div id=\"pgc-170-0-0\"  class=\"panel-grid-cell\" ><div id=\"panel-170-0-0-0\" class=\"widget_text so-panel widget widget_custom_html panel-first-child panel-last-child\" data-index=\"0\" ><div class=\"textwidget custom-html-widget\"><hr\/><\/div><\/div><\/div><\/div><div id=\"pg-170-1\"  class=\"panel-grid panel-no-style\" ><div id=\"pgc-170-1-0\"  class=\"panel-grid-cell\" ><div id=\"panel-170-1-0-0\" class=\"so-panel widget widget_sow-editor panel-first-child\" data-index=\"1\" ><div\n\t\t\t\n\t\t\tclass=\"so-widget-sow-editor so-widget-sow-editor-base\"\n\t\t\t\n\t\t>\n<div class=\"siteorigin-widget-tinymce textwidget\">\n\t<p><img loading=\"lazy\" decoding=\"async\" class=\"alignnone wp-image-171\" src=\"https:\/\/gerhard-euler.de\/wp-content\/uploads\/2019\/11\/Material_harte_Steine-300x114.jpg\" alt=\"\" width=\"288\" height=\"110\" srcset=\"https:\/\/gerhard-euler.de\/wp-content\/uploads\/2019\/11\/Material_harte_Steine-300x114.jpg 300w, https:\/\/gerhard-euler.de\/wp-content\/uploads\/2019\/11\/Material_harte_Steine-1024x391.jpg 1024w, https:\/\/gerhard-euler.de\/wp-content\/uploads\/2019\/11\/Material_harte_Steine-768x293.jpg 768w, https:\/\/gerhard-euler.de\/wp-content\/uploads\/2019\/11\/Material_harte_Steine-150x57.jpg 150w, https:\/\/gerhard-euler.de\/wp-content\/uploads\/2019\/11\/Material_harte_Steine-250x95.jpg 250w, https:\/\/gerhard-euler.de\/wp-content\/uploads\/2019\/11\/Material_harte_Steine.jpg 1536w\" sizes=\"auto, (max-width: 288px) 100vw, 288px\" \/><\/p>\n<p>Eine Besonderheit der Shona-Skulpturen liegt in der Eigenschaft des Materials, des Serpentinsteins.<br \/>\nSerpentin ist ein \u00fcber zwei Milliarden Jahre altes Gestein und weltweit einmalig.<br \/>\nSeine Vielfalt an Farbnuancen und unterschiedlichen H\u00e4rtegraden macht ihn zu einem attraktiven Arbeitsmedium f\u00fcr den K\u00fcnstler.<br \/>\nSerpentin gilt als sehr homogenes Material mit wenig Rissen. F\u00fcr die Varianten des Serpentins haben sich in den vergangenen Jahrzehnten Begriffe etabliert die der jeweiligen Beschaffenheit von Farbe und H\u00e4rte Rechnung tragen.<\/p>\n<p><strong><em>Fruit-Serpentin:<\/em><\/strong><br \/>\nein in sich, in Farbe, Schichtung und H\u00e4rte sehr heterogener Stein ohne dominierende Farbe.<\/p>\n<p><em><strong>Opal:<\/strong><\/em><br \/>\neine gr\u00fcne Variante des Serpentins mit gelegentlich gelben Farbanteilen.<\/p>\n<p><em><strong>Kobalt:<\/strong><\/em><br \/>\neine blau-r\u00f6tlich-violette Variante mit ebenfalls gelegentlichen gelben Farbanteilen.<\/p>\n<p><strong><em>Springstone:<\/em><\/strong><br \/>\ntiefschwarze Variante mit seltenen feinen Linien, mit sehr feinen Kristallen und unter den afrikanischen Serpentinen der H\u00e4rteste.<\/p>\n<p><em><strong>Lemon-Opal:<\/strong><\/em><br \/>\neine mehr ins gelbgr\u00fcne tendierende Variante, jedoch mit gr\u00f6\u00dferer Dichte und H\u00e4rte als die Opal-Serpentine.<\/p>\n<\/div>\n<\/div><\/div><div id=\"panel-170-1-0-1\" class=\"so-panel widget widget_sow-editor panel-last-child\" data-index=\"2\" ><div\n\t\t\t\n\t\t\tclass=\"so-widget-sow-editor so-widget-sow-editor-base\"\n\t\t\t\n\t\t>\n<div class=\"siteorigin-widget-tinymce textwidget\">\n\t<\/div>\n<\/div><\/div><\/div><div id=\"pgc-170-1-1\"  class=\"panel-grid-cell\" ><div id=\"panel-170-1-1-0\" class=\"so-panel widget widget_media_image panel-first-child\" data-index=\"3\" ><img loading=\"lazy\" decoding=\"async\" width=\"300\" height=\"353\" src=\"https:\/\/gerhard-euler.de\/wp-content\/uploads\/2019\/11\/Material_Rohsteine-768x903.jpg\" class=\"image wp-image-207  attachment-300x353 size-300x353\" alt=\"\" style=\"max-width: 100%; height: auto;\" srcset=\"https:\/\/gerhard-euler.de\/wp-content\/uploads\/2019\/11\/Material_Rohsteine-768x903.jpg 768w, https:\/\/gerhard-euler.de\/wp-content\/uploads\/2019\/11\/Material_Rohsteine-255x300.jpg 255w, https:\/\/gerhard-euler.de\/wp-content\/uploads\/2019\/11\/Material_Rohsteine-871x1024.jpg 871w, https:\/\/gerhard-euler.de\/wp-content\/uploads\/2019\/11\/Material_Rohsteine-1306x1536.jpg 1306w, https:\/\/gerhard-euler.de\/wp-content\/uploads\/2019\/11\/Material_Rohsteine-128x150.jpg 128w, https:\/\/gerhard-euler.de\/wp-content\/uploads\/2019\/11\/Material_Rohsteine-e1574002142998.jpg 1400w\" sizes=\"auto, (max-width: 300px) 100vw, 300px\" \/><\/div><div id=\"panel-170-1-1-1\" class=\"so-panel widget widget_media_image panel-last-child\" data-index=\"4\" ><img loading=\"lazy\" decoding=\"async\" width=\"300\" height=\"400\" src=\"https:\/\/gerhard-euler.de\/wp-content\/uploads\/2019\/11\/Materiel_Verdit-768x1024.jpg\" class=\"image wp-image-213  attachment-300x400 size-300x400\" alt=\"\" style=\"max-width: 100%; height: auto;\" srcset=\"https:\/\/gerhard-euler.de\/wp-content\/uploads\/2019\/11\/Materiel_Verdit-768x1024.jpg 768w, https:\/\/gerhard-euler.de\/wp-content\/uploads\/2019\/11\/Materiel_Verdit-225x300.jpg 225w, https:\/\/gerhard-euler.de\/wp-content\/uploads\/2019\/11\/Materiel_Verdit-1152x1536.jpg 1152w, https:\/\/gerhard-euler.de\/wp-content\/uploads\/2019\/11\/Materiel_Verdit-112x150.jpg 112w, https:\/\/gerhard-euler.de\/wp-content\/uploads\/2019\/11\/Materiel_Verdit.jpg 1400w\" sizes=\"auto, (max-width: 300px) 100vw, 300px\" \/><\/div><\/div><\/div><div id=\"pg-170-2\"  class=\"panel-grid panel-no-style\" ><div id=\"pgc-170-2-0\"  class=\"panel-grid-cell\" ><div id=\"panel-170-2-0-0\" class=\"so-panel widget widget_sow-editor panel-first-child panel-last-child\" data-index=\"5\" ><div\n\t\t\t\n\t\t\tclass=\"so-widget-sow-editor so-widget-sow-editor-base\"\n\t\t\t\n\t\t>\n<div class=\"siteorigin-widget-tinymce textwidget\">\n\t<p><strong>MOHS-HART<\/strong><\/p>\n<p>Die H\u00e4rte von Mineralien wurde vom Geologen Friedrich Mohs (1773-1839) eingef\u00fchrt.<br \/>\nMan versteht darunter den Widerstand, den ein Mineral der mechanischen Ab\u00adnutz\u00adung, insbesondere beim Ritzen mit einem scharfkantigen Material entgegen\u00adbringt.<br \/>\nMohs reihte die Mineralien in einer Skala von 1-10 ein, wobei er dem Talk als weichstes Mineral den Wert 1 zugeordnete, w\u00e4hrend der Diamant als h\u00e4rtes\u00adtes Mineral die H\u00e4rte 10 erhielt.<br \/>\nSo gelten Minerale der Mohsh\u00e4rte 1 bis 2 als weich, von 3 bis 5 als mittelhart, und alle Mine-rale \u00fcber der Mohsh\u00e4rte 6 werden als hart bezeichnet.<br \/>\nDie von Gerhard Euler verwendeten Steine sind oft enorm hart.<\/p>\n<p>&nbsp;<\/p>\n<a href=\"https:\/\/gerhard-euler.de\/?page_id=214\" class=\"small radius otw-button\" style=\"background-color: #f0ecec; color: #555555 !important;\">zur\u00fcck<\/a>\n<a href=\"https:\/\/gerhard-euler.de\/?page_id=229\" class=\"small radius otw-button\" style=\"background-color: #f0ecec; color: #555555 !important;\">weiter<\/a>\n<\/div>\n<\/div><\/div><\/div><\/div><\/div>","protected":false},"excerpt":{"rendered":"<p>Eine Besonderheit der Shona-Skulpturen liegt in der Eigenschaft des Materials, des Serpentinsteins. Serpentin ist ein \u00fcber zwei Milliarden Jahre altes Gestein und weltweit einmalig. Seine Vielfalt an Farbnuancen und unterschiedlichen H\u00e4rtegraden macht ihn zu einem attraktiven Arbeitsmedium f\u00fcr den K\u00fcnstler. Serpentin gilt als sehr homogenes Material mit wenig Rissen. F\u00fcr&#8230; <a class=\"continue-reading-link\" href=\"https:\/\/gerhard-euler.de\/?page_id=170\">weiter <span class=\"meta-nav\">&rarr; <\/span><\/a><\/p>\n","protected":false},"author":1,"featured_media":0,"parent":0,"menu_order":0,"comment_status":"closed","ping_status":"closed","template":"templates\/template-onecolumn.php","meta":{"footnotes":""},"class_list":["post-170","page","type-page","status-publish","hentry"],"_links":{"self":[{"href":"https:\/\/gerhard-euler.de\/index.php?rest_route=\/wp\/v2\/pages\/170","targetHints":{"allow":["GET"]}}],"collection":[{"href":"https:\/\/gerhard-euler.de\/index.php?rest_route=\/wp\/v2\/pages"}],"about":[{"href":"https:\/\/gerhard-euler.de\/index.php?rest_route=\/wp\/v2\/types\/page"}],"author":[{"embeddable":true,"href":"https:\/\/gerhard-euler.de\/index.php?rest_route=\/wp\/v2\/users\/1"}],"replies":[{"embeddable":true,"href":"https:\/\/gerhard-euler.de\/index.php?rest_route=%2Fwp%2Fv2%2Fcomments&post=170"}],"version-history":[{"count":33,"href":"https:\/\/gerhard-euler.de\/index.php?rest_route=\/wp\/v2\/pages\/170\/revisions"}],"predecessor-version":[{"id":527,"href":"https:\/\/gerhard-euler.de\/index.php?rest_route=\/wp\/v2\/pages\/170\/revisions\/527"}],"wp:attachment":[{"href":"https:\/\/gerhard-euler.de\/index.php?rest_route=%2Fwp%2Fv2%2Fmedia&parent=170"}],"curies":[{"name":"wp","href":"https:\/\/api.w.org\/{rel}","templated":true}]}}