{"id":334,"date":"2019-11-19T22:40:25","date_gmt":"2019-11-19T22:40:25","guid":{"rendered":"http:\/\/gerhard-euler.de\/?page_id=334"},"modified":"2019-12-22T17:11:13","modified_gmt":"2019-12-22T17:11:13","slug":"farbsymbolik","status":"publish","type":"page","link":"https:\/\/gerhard-euler.de\/?page_id=334","title":{"rendered":"Farbsymbolik"},"content":{"rendered":"<div id=\"pl-334\"  class=\"panel-layout\" ><div id=\"pg-334-0\"  class=\"panel-grid panel-no-style\" ><div id=\"pgc-334-0-0\"  class=\"panel-grid-cell\" ><div id=\"panel-334-0-0-0\" class=\"widget_text so-panel widget widget_custom_html panel-first-child panel-last-child\" data-index=\"0\" ><div class=\"textwidget custom-html-widget\"><hr\/><\/div><\/div><\/div><\/div><div id=\"pg-334-1\"  class=\"panel-grid panel-no-style\" ><div id=\"pgc-334-1-0\"  class=\"panel-grid-cell\" ><div id=\"panel-334-1-0-0\" class=\"so-panel widget widget_sow-editor panel-first-child panel-last-child\" data-index=\"1\" ><div\n\t\t\t\n\t\t\tclass=\"so-widget-sow-editor so-widget-sow-editor-base\"\n\t\t\t\n\t\t>\n<div class=\"siteorigin-widget-tinymce textwidget\">\n\t<p><img loading=\"lazy\" decoding=\"async\" class=\"alignnone wp-image-335\" src=\"https:\/\/gerhard-euler.de\/wp-content\/uploads\/2019\/11\/Kunstwerke_Farbsymbolik-300x81.jpg\" alt=\"\" width=\"405\" height=\"110\" srcset=\"https:\/\/gerhard-euler.de\/wp-content\/uploads\/2019\/11\/Kunstwerke_Farbsymbolik-300x81.jpg 300w, https:\/\/gerhard-euler.de\/wp-content\/uploads\/2019\/11\/Kunstwerke_Farbsymbolik-1024x278.jpg 1024w, https:\/\/gerhard-euler.de\/wp-content\/uploads\/2019\/11\/Kunstwerke_Farbsymbolik-768x209.jpg 768w, https:\/\/gerhard-euler.de\/wp-content\/uploads\/2019\/11\/Kunstwerke_Farbsymbolik-150x41.jpg 150w, https:\/\/gerhard-euler.de\/wp-content\/uploads\/2019\/11\/Kunstwerke_Farbsymbolik-250x68.jpg 250w, https:\/\/gerhard-euler.de\/wp-content\/uploads\/2019\/11\/Kunstwerke_Farbsymbolik.jpg 1381w\" sizes=\"auto, (max-width: 405px) 100vw, 405px\" \/><\/p>\n<p>Die Keramikelemente dieser Skulptur wurden modern gebrannt. Die Herausforderung war vor allem, die frischen Tonelemente, welche direkt auf dem Holz modelliert wurden, bis zum Brand so zu lagern, dass sie sich nicht verformen und sp\u00e4ter beim zusammensetzen eventuell nicht mehr gepa\u00dft h\u00e4tten.<\/p>\n<p><em>Keramik gebrannt bei Annette Schneider, Nieste<\/em><\/p>\n<p>&nbsp;<\/p>\n<p><em>Gerhard Euler 2018<\/em><\/p>\n<p>&nbsp;<\/p>\n<p>&nbsp;<\/p>\n<a href=\"https:\/\/gerhard-euler.de\/?page_id=347\" class=\"small radius otw-button\" style=\"background-color: #f0ecec; color: #555555 !important;\">zur\u00fcck<\/a>\n<a href=\"https:\/\/gerhard-euler.de\/?page_id=380\" class=\"small radius otw-button\" style=\"background-color: #f0ecec; color: #555555 !important;\">weiter<\/a>\n<\/div>\n<\/div><\/div><\/div><div id=\"pgc-334-1-1\"  class=\"panel-grid-cell\" ><div id=\"panel-334-1-1-0\" class=\"so-panel widget widget_media_image panel-first-child panel-last-child\" data-index=\"2\" ><img loading=\"lazy\" decoding=\"async\" width=\"176\" height=\"800\" src=\"https:\/\/gerhard-euler.de\/wp-content\/uploads\/2019\/11\/Kunstwerke_Farbsymbolik_Bild-225x1024.jpg\" class=\"image wp-image-337  attachment-176x800 size-176x800\" alt=\"\" style=\"max-width: 100%; height: auto;\" srcset=\"https:\/\/gerhard-euler.de\/wp-content\/uploads\/2019\/11\/Kunstwerke_Farbsymbolik_Bild-225x1024.jpg 225w, https:\/\/gerhard-euler.de\/wp-content\/uploads\/2019\/11\/Kunstwerke_Farbsymbolik_Bild-66x300.jpg 66w, https:\/\/gerhard-euler.de\/wp-content\/uploads\/2019\/11\/Kunstwerke_Farbsymbolik_Bild-338x1536.jpg 338w, https:\/\/gerhard-euler.de\/wp-content\/uploads\/2019\/11\/Kunstwerke_Farbsymbolik_Bild-33x150.jpg 33w, https:\/\/gerhard-euler.de\/wp-content\/uploads\/2019\/11\/Kunstwerke_Farbsymbolik_Bild.jpg 404w\" sizes=\"auto, (max-width: 176px) 100vw, 176px\" \/><\/div><\/div><\/div><\/div>","protected":false},"excerpt":{"rendered":"<p>Die Keramikelemente dieser Skulptur wurden modern gebrannt. Die Herausforderung war vor allem, die frischen Tonelemente, welche direkt auf dem Holz modelliert wurden, bis zum Brand so zu lagern, dass sie sich nicht verformen und sp\u00e4ter beim zusammensetzen eventuell nicht mehr gepa\u00dft h\u00e4tten. Keramik gebrannt bei Annette Schneider, Nieste &nbsp; Gerhard&#8230; <a class=\"continue-reading-link\" href=\"https:\/\/gerhard-euler.de\/?page_id=334\">weiter <span class=\"meta-nav\">&rarr; <\/span><\/a><\/p>\n","protected":false},"author":1,"featured_media":0,"parent":0,"menu_order":0,"comment_status":"closed","ping_status":"closed","template":"templates\/template-onecolumn.php","meta":{"footnotes":""},"class_list":["post-334","page","type-page","status-publish","hentry"],"_links":{"self":[{"href":"https:\/\/gerhard-euler.de\/index.php?rest_route=\/wp\/v2\/pages\/334","targetHints":{"allow":["GET"]}}],"collection":[{"href":"https:\/\/gerhard-euler.de\/index.php?rest_route=\/wp\/v2\/pages"}],"about":[{"href":"https:\/\/gerhard-euler.de\/index.php?rest_route=\/wp\/v2\/types\/page"}],"author":[{"embeddable":true,"href":"https:\/\/gerhard-euler.de\/index.php?rest_route=\/wp\/v2\/users\/1"}],"replies":[{"embeddable":true,"href":"https:\/\/gerhard-euler.de\/index.php?rest_route=%2Fwp%2Fv2%2Fcomments&post=334"}],"version-history":[{"count":15,"href":"https:\/\/gerhard-euler.de\/index.php?rest_route=\/wp\/v2\/pages\/334\/revisions"}],"predecessor-version":[{"id":617,"href":"https:\/\/gerhard-euler.de\/index.php?rest_route=\/wp\/v2\/pages\/334\/revisions\/617"}],"wp:attachment":[{"href":"https:\/\/gerhard-euler.de\/index.php?rest_route=%2Fwp%2Fv2%2Fmedia&parent=334"}],"curies":[{"name":"wp","href":"https:\/\/api.w.org\/{rel}","templated":true}]}}